{"id":202,"date":"2014-08-13T18:28:22","date_gmt":"2014-08-13T21:28:22","guid":{"rendered":"http:\/\/ecotalentos.com.br\/site\/?page_id=202"},"modified":"2015-01-21T22:14:23","modified_gmt":"2015-01-22T01:14:23","slug":"quem-somos","status":"publish","type":"page","link":"http:\/\/ecotalentos.com.br\/site\/quem-somos\/","title":{"rendered":"Quem Somos"},"content":{"rendered":"<h1><strong>ECO Talentos<\/strong><\/h1>\n<p>A palavra ECO \u00e9 derivada de Oikos, de origem grega, que significa casa, o universo habitado.\u00a0Talento, palavra de origem latina, \u00e9 a inclina\u00e7\u00e3o natural de uma pessoa. Dons recebidos por Deus a serem desenvolvidos e colocados a servi\u00e7o dos outros.<\/p>\n<p style=\"text-align: left;\">Inspirada na par\u00e1bola dos Talentos (ou moedas \/ minas), uma das par\u00e1bolas de Jesus (Mateus 25:14-30; Lucas 19:17-27).<\/p>\n<p style=\"text-align: right;\"><span style=\"font-size: 8pt;\"><a href=\"http:\/\/pt.wikipedia.org\/wiki\/Par%C3%A1bola_dos_Talentos\">http:\/\/pt.wikipedia.org\/wiki\/Par%C3%A1bola_dos_Talentos<\/a><\/span><\/p>\n<p><strong>\u00a0<\/strong>A <strong>ECOTalentos<\/strong> \u00e9 uma empresa voltada a gest\u00e3o e o desenvolvimento do potencial humano. Atrav\u00e9s do fornecimento de solu\u00e7\u00f5es de gest\u00e3o de desempenho e talentos sob demanda, tornamos poss\u00edvel que as empresas possam identificar o potencial oculto nos seus l\u00edderes e colaboradores, buscando o desenvolvimento de suas compet\u00eancias, maximizando resultados projetados.<\/p>\n<p>Com 22 anos de experi\u00eancia, atuando em empresas e organiza\u00e7\u00f5es, implantando programas educacionais com foco no desenvolvimento humano e profissional de equipes e lideran\u00e7as.<\/p>\n<p>&nbsp;<\/p>\n<h2>Nossos Consultores<\/h2>\n<p><a href=\"http:\/\/ecotalentos.com.br\/site\/wp-content\/uploads\/2014\/08\/jaime.jpg\"><img loading=\"lazy\" decoding=\"async\" class=\"alignnone size-full wp-image-206\" src=\"http:\/\/ecotalentos.com.br\/site\/wp-content\/uploads\/2014\/08\/jaime.jpg\" alt=\"jaime\" width=\"960\" height=\"562\" srcset=\"http:\/\/ecotalentos.com.br\/site\/wp-content\/uploads\/2014\/08\/jaime.jpg 960w, http:\/\/ecotalentos.com.br\/site\/wp-content\/uploads\/2014\/08\/jaime-300x175.jpg 300w, http:\/\/ecotalentos.com.br\/site\/wp-content\/uploads\/2014\/08\/jaime-400x234.jpg 400w\" sizes=\"auto, (max-width: 960px) 100vw, 960px\" \/><\/a><\/p>\n<h2 id=\"apDiv7\">Jaime Jos\u00e9 Salvon<\/h2>\n<div id=\"apDiv9\">\n<p><em>Coach<\/em> em Gest\u00e3o de Talentos, Comportamento Humano, Lideran\u00e7a, Qualidade de Vida e Motiva\u00e7\u00e3o. Orienta\u00e7\u00e3o Profissional. S\u00f3cio-diretor da ECOtalentos Consultoria &amp; Desenvolvimento. Especialista em Coaching de Talentos.<br \/>\nFormado em consultoria empresarial pela Funda\u00e7\u00e3o Dom Cabral de MG e UFSC. Com forma\u00e7\u00e3o em jogos dram\u00e1ticos e t\u00e9cnico em din\u00e2mica de grupo pela Mace Consultoria do Paran\u00e1; Graduado em Administra\u00e7\u00e3o pela Univali e p\u00f3s-gradua\u00e7\u00e3o \/ especializa\u00e7\u00e3o em Gest\u00e3o de Pessoas pela UFSC; Forma\u00e7\u00e3o em Educa\u00e7\u00e3o, Sa\u00fade e Cultura de Paz pela Universidade Internacional da Paz (UNIPAZ)<br \/>\nCo-criador do Programa Atender Quem Atende \u2013 Cuidar de Quem Cuida, coordenador e facilitador do programa em empresas e institui\u00e7\u00f5es, nos segmentos da sa\u00fade, educa\u00e7\u00e3o, seguran\u00e7a, transporte e rede hoteleira.<br \/>\nAspirante do Col\u00e9gio Internacional dos Terapeutas.<\/p>\n<p>&nbsp;<\/p>\n<p><a href=\"http:\/\/ecotalentos.com.br\/site\/wp-content\/uploads\/2014\/08\/isabela.jpg\"><img loading=\"lazy\" decoding=\"async\" class=\"alignnone size-full wp-image-208\" src=\"http:\/\/ecotalentos.com.br\/site\/wp-content\/uploads\/2014\/08\/isabela.jpg\" alt=\"Isabella Fialho Lemos\" width=\"960\" height=\"562\" srcset=\"http:\/\/ecotalentos.com.br\/site\/wp-content\/uploads\/2014\/08\/isabela.jpg 960w, http:\/\/ecotalentos.com.br\/site\/wp-content\/uploads\/2014\/08\/isabela-300x175.jpg 300w, http:\/\/ecotalentos.com.br\/site\/wp-content\/uploads\/2014\/08\/isabela-400x234.jpg 400w\" sizes=\"auto, (max-width: 960px) 100vw, 960px\" \/><\/a><\/p>\n<\/div>\n<h2 id=\"apDiv7\">Isabella Fialho Lemos<\/h2>\n<div id=\"apDiv9\">\n<p>Dinamicista\u00a0em Gest\u00e3o de Talentos, Lideran\u00e7a e Motiva\u00e7\u00e3o. S\u00f3cia diretora da ECOtalentos Consultoria &amp; Desenvolvimento, especialista em Din\u00e2mica de Grupo pela SBDG.<br \/>\nFormada em consultoria empresarial pela Funda\u00e7\u00e3o Dom Cabral de MG e UFSC. Graduada em Letras pela UFSC, com forma\u00e7\u00e3o em Educa\u00e7\u00e3o, Sa\u00fade e Cultura de Paz pela Universidade Internacional da Paz (UNIPAZ).<br \/>\nCo-criadora do Programa Atender Quem Atende \u2013 Cuidar de Quem Cuida, coordenadora e facilitadora do programa em empresas e institui\u00e7\u00f5es, nos segmentos da sa\u00fade, educa\u00e7\u00e3o, seguran\u00e7a, transporte e rede hoteleira.<br \/>\nCantora Profissional e vocalista das Bandas: Dasantigas e Sabor Brasil \/ Florian\u00f3polis SC<\/p>\n<p><a href=\"http:\/\/ecotalentos.com.br\/site\/wp-content\/uploads\/2014\/08\/crema-site.jpg\"><img loading=\"lazy\" decoding=\"async\" class=\"alignnone size-full wp-image-451\" src=\"http:\/\/ecotalentos.com.br\/site\/wp-content\/uploads\/2014\/08\/crema-site.jpg\" alt=\"crema-site\" width=\"960\" height=\"562\" srcset=\"http:\/\/ecotalentos.com.br\/site\/wp-content\/uploads\/2014\/08\/crema-site.jpg 960w, http:\/\/ecotalentos.com.br\/site\/wp-content\/uploads\/2014\/08\/crema-site-300x176.jpg 300w, http:\/\/ecotalentos.com.br\/site\/wp-content\/uploads\/2014\/08\/crema-site-547x320.jpg 547w, http:\/\/ecotalentos.com.br\/site\/wp-content\/uploads\/2014\/08\/crema-site-220x129.jpg 220w, http:\/\/ecotalentos.com.br\/site\/wp-content\/uploads\/2014\/08\/crema-site-187x109.jpg 187w, http:\/\/ecotalentos.com.br\/site\/wp-content\/uploads\/2014\/08\/crema-site-453x265.jpg 453w\" sizes=\"auto, (max-width: 960px) 100vw, 960px\" \/><\/a><\/p>\n<h2>Roberto Crema<\/h2>\n<p>Psic\u00f3logo e Antrop\u00f3logo do Col\u00e9gio Internacional dos Terapeutas, Mestre em Ci\u00eancias Humanas e Sociais pela Universidade de Paris. Forma\u00e7\u00e3o em diversas escolas human\u00edsticas e transpessoais, criador do enfoque da S\u00edntese Transacional \u2013 uma Ecologia do Ser, na perspectiva de uma quinta for\u00e7a em terapia. Coordenador geral do I Congresso Hol\u00edstico Internacional (1987), que impulsionou a cria\u00e7\u00e3o da Universidade Internacional da Paz &#8211; UNIPAZ e implementador, no Brasil, da Forma\u00e7\u00e3o Hol\u00edstica de Base, fundamentada na abordagem transdisciplinar (1989). Membro honor\u00e1rio da Associa\u00e7\u00e3o Luso Brasileira de Transpessoal &#8211; ALUBRAT, Fellowship da Findhorn Foundation (Esc\u00f3cia). Reitor da Universidade Internacional da Paz &#8211; Rede UNIPAZ. Autor e coautor de 30 livros.<\/p>\n<div class='et-learn-more clearfix'>\n\t\t\t\t\t<h3 class='heading-more'>Obras Publicadas<span class='et_learnmore_arrow'><span><\/span><\/span><\/h3>\n\t\t\t\t\t<div class='learn-more-content'><ul>\n<li>An\u00e1lise Transacional Centrada na Pessoa&#8230; e mais al\u00e9m. S\u00e3o Paulo: \u00c1gora, 1984.<\/li>\n<li>Introdu\u00e7\u00e3o \u00e0 Vis\u00e3o Hol\u00edstica. S\u00e3o Paulo: Summus, 1989.<\/li>\n<li>Sa\u00fade e Plenitude \u2013 Um Caminho para o Ser. S\u00e3o Paulo: Summus, 1995.<\/li>\n<li>Rumo \u00e0 Nova Transdisciplinaridade \u2013 Sistemas Abertos de Conhecimento (com Pierre Weil e Ubiratan D\u2019Ambrosio). S\u00e3o Paulo: Summus, 1991.<\/li>\n<li>O Esp\u00edrito na Sa\u00fade (com Pierre Weil, Leonardo Boff e Jean-Yves Leloup), Lise M. Lima \u2013 Org. Petr\u00f3polis: VOZES, 1997.<\/li>\n<li>Lideran\u00e7a em Tempo de Transforma\u00e7\u00e3o (com Washigton Ara\u00fajo). Bras\u00edlia: Letrativa, 2001.<\/li>\n<li>Antigos e Novos Terapeutas \u2013 abordagem transdisciplinar em terapia. Petr\u00f3polis: VOZES, 2002.<\/li>\n<li>Pedagogia Inici\u00e1tica \u2013 Uma Escola de Lideran\u00e7a. Petr\u00f3polis, VOZES, 2009.<\/li>\n<li>Mensagens do Deserto. Lorena: Di\u00e1logos do Ser, 2009.<\/li>\n<li>Normose, a patologia da normalidade (com Jean-Yves Leloup e Pierre Weil). Campinas: Verus, 2003; Petr\u00f3polis: VOZES, 2011.<\/li>\n<li>Transcomunica\u00e7\u00e3o \u2013 O Fen\u00f4meno Magenta (com Weil, Krippner, Amiden, Winkler, Arora, Leloup, O\u2019Donnell). S\u00e3o Paulo: Pensamento, 2003.<\/li>\n<li>Os Anjos Falam \u2013 tempos antigos e atuais (com Amyr Amiden, Pierre Weil e Jean-Yves Leloup). Bras\u00edlia: Letrativa, 2005.<\/li>\n<li>Mensagens da Luz (com Pierre Weil e Amyr Amiden). Lorena: Di\u00e1logos do Ser, 2009.<\/li>\n<li>As Esta\u00e7\u00f5es da Vida. In: Rejuvenescer a velhice. Guide, MLM e Moreira, MRLP (Org.). Bras\u00edlia: Ed. UnB, 1996.<\/li>\n<li>Homo Holisticus. In: Dantas, Est\u00e9lio (Org.), Pensando o Corpo e o Movimento. S\u00e3o Paulo: Ed. Shape, 1993.<\/li>\n<li>Da Especializa\u00e7\u00e3o \u00e0 Voca\u00e7\u00e3o. In: Bittencourt, Cristina (Org.), Gest\u00e3o contempor\u00e2nea de pessoas. Porto Alegre: Bookman, 2004.<\/li>\n<li>Le Sacr\u00e9 et la Th\u00e9rapie. In: Nicolescu, Basarab (Org.), Le Sacr\u00e9 Aujord\u2019hui, Collection Transdisciplinarit\u00e9. Paris\u00a0: \u00c9ditions du Rocher, 2003.<\/li>\n<li>P\u00e9dagogie Initiatique. In: Welter, Richard (Org.).Transdisciplinarit\u00e9 \u2013 Un chemin vers la paix.\nStrasbourg\u00a0: \u00c9ditions F.B.V. pour le C.N.R.S., 2006.<\/li>\n<li>Transdisciplinarity Approach in Therapy. In: Nicolescu, Basarab (Org.), Transdisciplinarity \u2013 Theory and Practice. New York: Hampton Press, 2008.<\/li>\n<li>Pierre Weil: Samurai da Paz. In: Editora Vozes 1901-2001 \u2013 Cem Anos de Hist\u00f3ria. Petr\u00f3polis: VOZES, 2001.<\/li>\n<li>Ci\u00eancia, Religi\u00e3o e Desenvolvimento. In: Iradj R. Eghari (Org.) Perspectivas para o Brasil. Mogi Mirim: Planeta Paz Editora, 2007. Blog: http:\/\/www.cienciaereligiao.org.br\/livro-ciencia-religiao-e-desenvolvimento-perspectivas-para-o-brasil\/parte-iii-a-visao-do-brasil\/roberto-crema\/#comments<\/li>\n<li>Cuidar da Paz. In: Dulce Magalh\u00e3es (Org.) A Paz como Caminho &#8211; Festival Mundial da Paz. Rio de Janeiro: Qualitymark, 2006.<\/li>\n<li>Saber chegar, saber passar, saber partir. In: Monteiro, Dulcin\u00e9a (Org.) Metan\u00f3ia e Meia-Idade. S\u00e3o Paulo: Paulus, 2008.<\/li>\n<li>Da Normose \u00e0 Plenitude. In: Monteiro de Barros, M.C. (Org.) A Consci\u00eancia em Expans\u00e3o. Porto Alegre: EdiPUCRS, 2008.<\/li>\n<li>Pierre Weil: Samurai da Paz. In: Weil, Pierre. A Arte de Viver a Vida. Lorena: Di\u00e1logos do Ser; Petr\u00f3polis: VOZES, 2011.<\/li>\n<li>Compreens\u00e3o: Converg\u00eancia entre o Saber e o Ser. In: Moraes, Maria C\u00e2ndida e Almeida, Maria da Concei\u00e7\u00e3o (Org.) Os Sete Saberes Necess\u00e1rios \u00e0 Educa\u00e7\u00e3o do Presente \u2013 Por uma Educa\u00e7\u00e3o Transformadora. Rio de Janeiro: Wak Editora, 2012.<\/li>\n<\/ul><\/div>\n\t\t\t\t<\/div>\n<\/div>\n","protected":false},"excerpt":{"rendered":"<p>ECO Talentos A palavra ECO \u00e9 derivada de Oikos, de origem grega, que significa casa, o universo habitado.\u00a0Talento, palavra de origem latina, \u00e9 a inclina\u00e7\u00e3o natural de uma pessoa. Dons recebidos por Deus a serem desenvolvidos e colocados a servi\u00e7o dos outros. Inspirada na par\u00e1bola dos Talentos (ou moedas \/ minas), uma das par\u00e1bolas de [&hellip;]<\/p>\n","protected":false},"author":1,"featured_media":0,"parent":0,"menu_order":0,"comment_status":"closed","ping_status":"closed","template":"page-full.php","meta":{"footnotes":""},"class_list":["post-202","page","type-page","status-publish","hentry"],"_links":{"self":[{"href":"http:\/\/ecotalentos.com.br\/site\/wp-json\/wp\/v2\/pages\/202","targetHints":{"allow":["GET"]}}],"collection":[{"href":"http:\/\/ecotalentos.com.br\/site\/wp-json\/wp\/v2\/pages"}],"about":[{"href":"http:\/\/ecotalentos.com.br\/site\/wp-json\/wp\/v2\/types\/page"}],"author":[{"embeddable":true,"href":"http:\/\/ecotalentos.com.br\/site\/wp-json\/wp\/v2\/users\/1"}],"replies":[{"embeddable":true,"href":"http:\/\/ecotalentos.com.br\/site\/wp-json\/wp\/v2\/comments?post=202"}],"version-history":[{"count":14,"href":"http:\/\/ecotalentos.com.br\/site\/wp-json\/wp\/v2\/pages\/202\/revisions"}],"predecessor-version":[{"id":452,"href":"http:\/\/ecotalentos.com.br\/site\/wp-json\/wp\/v2\/pages\/202\/revisions\/452"}],"wp:attachment":[{"href":"http:\/\/ecotalentos.com.br\/site\/wp-json\/wp\/v2\/media?parent=202"}],"curies":[{"name":"wp","href":"https:\/\/api.w.org\/{rel}","templated":true}]}}